 = l**2 - 8*l + 8. Give f(d).
-4
Let n(h) = h**2 - 7*h + 7. Suppose 2*d - 5 + 1 = -2*y, 2*y - 7 = -d. Suppose 0 = -5*u + 5, y*s + u - 30 = -4. What is n(s)?
-3
Let p be 4/(-6) - 8792/42. Let x = p + 209. Let i(f) = -f**2 + 1 - 7*f**3 + f + f + 2*f**2. Give i(x).
7
Let i(c) = c - c**2 - 7*c - 2 + 5. Let y(g) = -g**2 - 5*g + 3. Let w(j) = 2*i(j) - 3*y(j). Suppose -196 + 763 = -189*b. What is w(b)?
-3
Let o(q) = -q**2 - 4*q + 2. Suppose -5*l - 5*m = 1715, 0*l = 5*l - 3*m + 1691. Let f be l/108*-15 + (-4)/18. Let w = -51 + f. Give o(w).
2
Let j = -1552 + 1077. Let m = -472 - j. Let u(i) = -i**3 + 3*i**2 - 3*i - 1. What is u(m)?
-10
Let a(v) be the first derivative of v**7/840 - v**5/120 + v**4/24 - 5*v**3/3 + 5*v**2/2 + 257. Let x(u) be the third derivative of a(u). Calculate x(1).
1
Let h(t) be the second derivative of t**3/6 + 9*t**2/2 + 480*t. What is h(17)?
26
Suppose 0 = 2*p + 5*q - 30, 3*p - 84*q = -81*q - 18. Let v(y) = -y**3 + 2*y**2 - y - 7. Determine v(p).
-7
Let l(y) = 14*y**2 - 22*y - 15. Let j(b) = -32*b**2 + 46*b + 32. Let s(r) = 4*j(r) + 9*l(r). Determine s(-6).
5
Let g(p) = p**3 - 15*p**2 + 95*p - 10. Let m(b) = 6*b**3 - 90*b**2 + 589*b - 60. Let x(q) = 13*g(q) - 2*m(q). Calculate x(7).
-3
Let z(c) = 17*c - 2. Suppose 0 = 5*v + p + 168 - 10, -2*v = -3*p + 70. Let r(f) = f**3 + 32*f**2 + f + 33. Let h be r(v). What is z(h)?
15
Suppose 2*j - 3*j = -4*h - 54, 3*h + 203 = 4*j. Let z(v) = 3 - 1 - v + j*v**2 - 55*v**2. Calculate z(1).
-4
Let u(i) = -3*i**3 - 7*i**2 - 8*i + 40. Let b(y) = -2*y**3 - 8*y**2 - 9*y + 34. Let h(x) = 4*b(x) - 3*u(x). What is h(12)?
16
Let h(w) = w**3 - 29*w**2 - w + 24. Let v(t) = 535*t - 6391. Let a be v(12). Calculate h(a).
-5
Let q(z) = z**3 - 3*z**2 - 6*z - 18. Let b = 106 - 71. Let v be (b/14)/(2/4). Let y be q(v). Let a(k) = 4*k**2 - 2*k - 1. Calculate a(y).
11
Let x(p) = 2*p - 14. Let k(s) = -15*s - 202. Suppose -8*b = 6*b + 196. Let y be k(b). Calculate x(y).
2
Suppose -2*y = 4*w + 1890, 0 = -3*w - 68*y + 72*y - 1445. Let d be (w/190)/(5/(-6)). Let p(v) = v**2 - 8*v + 3. Calculate p(d).
-12
Let b = -324 - -329. Let x(w) = 6*w**2 - 6*w - b*w + 13*w - w**2 + w**3. Suppose -2*d = d + 9. Determine x(d).
12
Let b(l) be the third derivative of -l**5/60 + 2*l**4/3 - 7*l**3/6 - l**2 - 138*l. What is b(5)?
48
Let k(l) = 326*l**2 + 7*l + 326*l**2 - 654*l**2. What is k(-3)?
-39
Let v = -36 + 147. Let t = -104 + v. Let h(b) = b**2 - 7*b - 6. Let q(f) = -f**2 + 7*f + 6. Let a(j) = -6*h(j) - 5*q(j). Give a(t).
6
Let c(d) be the second derivative of d**3 - d**2/2 + 26*d. Let h = -818 - -819. What is c(h)?
5
Let f(d) be the second derivative of -d**6/360 - 7*d**5/120 + 3*d**4/8 - 5*d**3 + 6*d + 15. Let t(l) be the second derivative of f(l). Calculate t(-7).
9
Let r = 15504 - 15499. Let n(j) be the third derivative of 0 - 1/60*j**r + 1/3*j**3 + 0*j + 7/24*j**4 + 27*j**2. Determine n(5).
12
Let d = 0 + -54. Let q be d/(-12) - (-1)/2. Let m(t) = -t**3 + 4*t**2 + t - 1. Determine m(q).
-21
Let f(m) = 53 - 65 - 7*m + 49. Give f(8).
-19
Let j(h) = h**3 - 22 - h + 1 + 8 + 31 - h**2. Let l be (-2)/(-2)*33/(-11) + 3. Give j(l).
18
Let b(q) = -24*q + 65. Let h(o) = -19*o + 53. Let i(s) = 4*b(s) - 5*h(s). Suppose -2*f + 32 = -4*k, -3*k = -4*f + 11 + 13. Determine i(k).
3
Let r(f) = f**3 + 68*f**2 + 133*f + 74. Suppose 3*b = 5*z - 183, -859*z = -857*z + 6. What is r(b)?
8
Let l(u) be the second derivative of -u**3/2 + u**2 + 72504*u - 1. Suppose 2*i + 2 = 12. Calculate l(i).
-13
Let q(p) = -2*p - 10. Suppose 3*s = 2*u + 35, 13 = 3*u + 7. Suppose s = c - 5*l, 6*c + 5*l + 48 = 2*c. Give q(c).
4
Suppose 4*b = 67 + 1. Let k(f) = -b - 17 + f + 39. Suppose 5*i = -4*z - 42, -2*i + 12 = -2*z - 0*i. What is k(z)?
-3
Let j(g) = -2*g + 4. Suppose 0 = -2*u - 5*u + 2107. Let p = -303 + u. Give j(p).
8
Suppose -5*m - 3*y + 19 = 44, 15 = -3*y. Let u(c) = -41*c**3 - c**2 + 2*c - 3. Let h be u(m). Let k(b) = 161 - h + b + 160. Give k(-2).
2
Suppose 0 = 4*d - 2*x - 22, -234 = -4*d + 3*x - 207. Let k(m) = m**3 + 4*m**2 - 3*m + 10. What is k(d)?
64
Suppose -7*b - 256 = 122. Let y = b - -58. Let k(x) = 67*x**2 + y*x - 68*x**2 - 1 + x. Give k(7).
-15
Let u(q) = 5*q**2 + 10*q - 4. Let x(c) = -14*c**2 - 27*c + 12. Let b(w) = 11*u(w) + 4*x(w). Let s(t) = t**2 + 23*t + 130. Let g be s(-12). Determine b(g).
-4
Let g(y) = -3*y - 16. Let h(m) = 21*m + 170. Let b be h(-8). Let x be -21*((-3)/(-9))/(b - 1). Calculate g(x).
5
Let i(w) = 3*w**3 + 9*w**2 + 6. Let d be i(-3). Let a be (d/18 + 3)*2*3. Suppose 2*n - u - a = u, 4*n = -4*u. Let x(r) = r**2 - 6*r + 7. What is x(n)?
2
Let c(d) be the second derivative of d**4/12 - 2*d**3 + 7*d**2 - 23*d. Let y = -388 - -398. Determine c(y).
-6
Let d(v) = -6*v - 6. Let h be (-34)/85*(-1 - (-34)/4). What is d(h)?
12
Suppose 5*n - 35 = 4*q, 0 = -4*n - 3*q - 6 + 3. Let r(a) = -2*a**2 - 13 + a**n - a + a**2 + 2*a**2 + 5. Determine r(0).
-8
Let p(d) = d**3 - 4*d**2 + 9*d - 9. Let m = 5424 + -5421. Give p(m).
9
Let m(c) be the third derivative of -2*c**2 + 1/8*c**4 + 0*c + 0 + c**3. Suppose 11*a - 10*a = -7, 3*v = a - 11. What is m(v)?
-12
Suppose 106*a = 104*a - 3*c - 11, -23 = a + 5*c. Let s(m) = -7*m**2 - 3*m + 8. Give s(a).
-26
Let u(m) = -163*m - 4737. Let a be u(-29). Let c(n) = -2*n**2 - 36*n - 158. Determine c(a).
2
Let n(z) = -4*z - 4. Let v be 73*(-21)/(-3) + (-7 - -13). Let b = -508 + v. Determine n(b).
-40
Let f(d) = 131337*d**2 - 11*d + 89 - 14*d - 131336*d**2. Determine f(4).
5
Let a = -20 - -25. Let f(c) = c + 7. Let j(p) = -4*p - 21. Let s(n) = 7*f(n) + 2*j(n). What is s(a)?
2
Let p(l) be the second derivative of l**4/6 - l**3/2 + 3*l**2/2 - 5*l. Let g = -3 - -112. Let o = -107 + g. Give p(o).
5
Let t(h) = -h**2 + 8*h - 7. Let b(u) = -2*u**2 + 15*u - 14. Let m(r) = r**3 + 2*r**2 - 8*r + 5. Let p be m(2). Let g(i) = p*t(i) - 3*b(i). Determine g(5).
7
Suppose 3*w - 8 = a, 4*a - 38 = -4*w - 6. Let y(l) = -4455*l - l**2 + w*l**3 + 2226*l + 2230*l + 1. Give y(-1).
-5
Let h(k) = 3*k**2 + 15*k - 11. Let y(x) = 49*x**2 + 15*x - 10 - 26*x**2 - 19*x**2. Let o(p) = -5*h(p) + 4*y(p). Calculate o(14).
1
Let k = 23 - 16. Let o(x) be the second derivative of -x**5/20 + x**4/2 + 4*x**3/3 - x**2/2 + 3*x + 72. Determine o(k).
6
Let s(l) = -3*l + 7. Suppose -81*z + 17 = -64*z. Let v be 27/5 + z - 4/10. Calculate s(v).
-11
Let y(l) be the first derivative of l**3/3 + l**2 + 3*l + 577. Let c(z) = 6*z**2 - 3*z + 2. Let m be c(2). Let h = 15 - m. What is y(h)?
18
Suppose -4*o = 4*t + 616, 4*t - 23 = -3. Let r = o - -155. Let h(d) = d + 4. Give h(r).
0
Let s(k) be the first derivative of k**4/4 - 4*k**3/3 + 5*k**2/2 - 2*k - 273. Let g be 23/21*3 - (-6)/(-21). Give s(g).
4
Let x be (25482/(-36))/(-31) + 1/6. Let z(i) = i**2 - 22*i - 4. Determine z(x).
19
Let w(m) = 0*m + m + 0*m. Let o = 519 + -484. Suppose 5*c - 2*u = o, -4*c + 2*u + 1 = -29. Determine w(c).
5
Let t = 105 + -110. Let y be (0 - (-5 - t))/1. Suppose -12 = -4*x - 2*u + 10, -3*u + 3 = y. Let m(d) = -d**3 + 6*d**2 - 3*d - 3. Give m(x).
7
Let y(l) = 2*l - 3. Let f(v) be the first derivative of -3*v**2/2 - 9*v - 13. Let z be f(30). Let c = z - -101. Determine y(c).
1
Let g(r) = 5*r**3 - 270*r**2 + 7*r. Let f(o) = -14*o**3 + 767*o**2 - 22*o + 1. Let i(z) = -6*f(z) - 17*g(z). Determine i(-13).
-6
Suppose 0 = 4*x + 51 - 0 - 31. Let f(w) = w**2 + 11*w + 39. Give f(x).
9
Let d(w) be the second derivative of -20*w - 2 - 1/2*w**2 + 5/2*w**3. Calculate d(1).
14
Let k(b) = 8*b - 59. Let w(u) = -4*u + 21. Let l(p) = 3*k(p) + 8*w(p). Give l(3).
-33
Let v(a) = -103 - 88 + 8*a + 250 - 9*a - 96. Let h(m) = -m**3 + 7*m**2 - 6*m. Let q be h(6). What is v(q)?
-37
Suppose 1 = 4*x - d, 8*x - 16*x + 17 = -5*d. Let s(h) = -105*h. Determine s(x).
105
Suppose -34*z = 4867 - 20507. Let o = z + -457. Let j(r) = r**2 - 7*r + 9. Determine j(o).
-3
Let v(o) be the first derivative of -5/2*o**2 - 16 + 4*o - 1/3*o**3. What is v(-5)?
4
Let w(p) = p**3 - 9 - 265674*p**2 - p - 16 + 265695*p**2. Give w(-21).
-4
Let o(r) = 19*r**2 - 34*r - 2. Let j be o(2). Suppose j*d + 2*l + 34 = 2*d, 13 = -d - 5*l. Let z(s) = -s**2 - 9*s - 8. Give z(d).
0
Let g(u) = 32*u + 2 - 5 - 17*u - 14*u. Let f be (-3)/(-18) + 203/42. Determine g(f).
2
Let p(n) = -5*n + 17. Let g = 13903 - 13889. Calculate p(g).
-53
Let w(c) be th